ime number?
False
Is 51397383 composite?
True
Is 517303571 a prime number?
False
Is 119438499 prime?
False
Is 2484878257 prime?
False
Is 134672706041 a prime number?
True
Is 20783636117 a composite number?
True
Is 965128777 a composite number?
True
Is 4255778953 a prime number?
False
Is 1617849517 a composite number?
True
Is 21687636889 prime?
True
Is 1746173353 composite?
False
Is 4341692239 a composite number?
False
Is 4387980889 composite?
False
Is 110817779173 a prime number?
True
Is 123457297619 composite?
True
Is 4751154173 composite?
False
Is 1934927627 a composite number?
False
Is 5970293783 a prime number?
True
Is 10256226029 a composite number?
True
Is 171588742873 a prime number?
False
Is 45446677 prime?
False
Is 62074261631 a prime number?
True
Is 1372298663 composite?
False
Is 16451613223 prime?
True
Is 124992337 prime?
True
Is 51100938143 a composite number?
False
Is 3264121811 prime?
True
Is 10711211551 composite?
True
Is 3496753367 prime?
True
Is 134137979 prime?
True
Is 201678149 composite?
False
Is 15791524691 a prime number?
False
Is 35636266859 prime?
True
Is 71682079043 a composite number?
False
Is 5198615689 composite?
False
Is 15284539 prime?
True
Is 1035852459 a prime number?
False
Is 217680423 composite?
True
Is 36893949173 a composite number?
True
Is 7097853487 composite?
False
Is 11280560119 prime?
True
Is 105065263 prime?
True
Is 72091711 prime?
True
Is 13836144103 a composite number?
True
Is 2171613358 a composite number?
True
Is 2668468021 composite?
True
Is 5219956787 composite?
True
Is 974618933 a composite number?
True
Is 119089589 prime?
True
Is 186282539 a composite number?
True
Is 53102011159 a prime number?
False
Is 125537821967 a composite number?
True
Is 2948533763 composite?
True
Is 110533343 prime?
False
Is 40309986502 a composite number?
True
Is 4312990727 a prime number?
True
Is 282718519 composite?
False
Is 19061422573 a prime number?
False
Is 86788318846 composite?
True
Is 16941208253 a composite number?
False
Is 6026017519 composite?
False
Is 272349871 a composite number?
True
Is 30641067893 a prime number?
False
Is 13479281135 a prime number?
False
Is 1341852863 a composite number?
True
Is 100688431069 prime?
True
Is 54312911 prime?
False
Is 845832269 a composite number?
True
Is 1321166429 composite?
True
Is 5683221913 composite?
True
Is 43529774791 a composite number?
False
Is 23898514189 prime?
False
Is 2445571693 prime?
True
Is 20980739819 a composite number?
True
Is 3504406097 a composite number?
True
Is 62282975611 a composite number?
True
Is 200932481 a prime number?
False
Is 87564793 a prime number?
True
Is 1848335089 a composite number?
True
Is 471225374 a composite number?
True
Is 2858507341 a prime number?
False
Is 14154343051 a prime number?
True
Is 6864969487 a composite number?
False
Is 1351773971 composite?
True
Is 7320207859 prime?
False
Is 2373588849 prime?
False
Is 39905258153 composite?
False
Is 6727504243 composite?
True
Is 3890769143 composite?
False
Is 3439456277 a prime number?
True
Is 975028181 a composite number?
True
Is 15718772813 prime?
True
Is 10775836481 composite?
True
Is 3055561163 a composite number?
False
Is 5766024551 a prime number?
False
Is 1831954123 a composite number?
False
Is 58916801 prime?
False
Is 35775417811 a prime number?
False
Is 9898220509 prime?
True
Is 35437098833 a prime number?
True
Is 176729201 prime?
False
Is 16970061959 a prime number?
True
Is 782078183 a prime number?
False
Is 5805599347 a composite number?
True
Is 1847273699 a prime number?
True
Is 1861390937 a prime number?
False
Is 22064382523 composite?
False
Is 5794662473 prime?
True
Is 18430501 composite?
True
Is 187980457 a composite number?
True
Is 15648005641 composite?
True
Is 1140791753 prime?
False
Is 169202487 a composite number?
True
Is 2370891109 prime?
False
Is 12534137773 composite?
False
Is 678727943 composite?
True
Is 1270605801 prime?
False
Is 85223471371 composite?
True
Is 86338064551 prime?
True
Is 599013687 composite?
True
Is 708080881 a composite number?
True
Is 41016356839 a prime number?
True
Is 879412081 composite?
False
Is 474045547 composite?
False
Is 267041659 prime?
True
Is 48624914461 composite?
False
Is 109835342059 prime?
True
Is 8733034001 a prime number?
True
Is 8689395287 prime?
False
Is 3571100387 composite?
False
Is 3173880401 a composite number?
True
Is 5193590107 a composite number?
False
Is 37112934709 a composite number?
False
Is 876383951 prime?
False
Is 4978239213 a prime number?
False
Is 70468208047 a composite number?
True
Is 4671137063 composite?
False
Is 334613641 prime?
True
Is 148366730117 a composite number?
False
Is 4587447 composite?
True
Is 2885282159 prime?
False
Is 3523556893 a prime number?
False
Is 355152271 prime?
False
Is 1726706165 a composite number?
True
Is 2193559429 composite?
True
Is 27496741 a prime number?
False
Is 4609617955 a composite number?
True
Is 416247017 composite?
False
Is 9416349403 prime?
False
Is 244018669 composite?
False
Is 1273341367 composite?
True
Is 4104990017 a prime number?
False
Is 1823632301 prime?
False
Is 135739586767 composite?
False
Is 23106851363 composite?
False
Is 212071609 a prime number?
False
Is 11079529178 composite?
True
Is 2484010783 composite?
False
Is 929067533 prime?
True
Is 1452158371 a composite number?
True
Is 7541708491 prime?
True
Is 4130713649 prime?
True
Is 1822046323 prime?
True
Is 53172331843 prime?
True
Is 930005941 a prime number?
True
Is 9015056161 composite?
False
Is 932349679 a prime number?
True
Is 38111820533 prime?
True
Is 13013656177 composite?
False
Is 1516197 prime?
False
Is 59595316307 a composite number?
True
Is 233211168719 a composite number?
False
Is 2606628631 prime?
False
Is 826784837 a composite number?
False
Is 4640927911 composite?
False
Is 7938164863 a prime number?
True
Is 592645981 a composite number?
False
Is 9861926251 a prime number?
True
Is 1174510123 a composite number?
False
Is 16074432527 a composite number?
True
Is 4470215233 a prime number?
False
Is 1743400129 a prime number?
False
Is 24936969277 a composite number?
True
Is 4237987573 a prime number?
False
Is 2190661559 composite?
False
Is 16555141409 prime?
False
Is 76695975611 a composite number?
True
Is 4061630611 prime?
False
Is 8366342261 a composite number?
False
Is 465293203 a prime number?
False
Is 311075221 a composite number?
True
Is 1337505727 prime?
True
Is 14045551733 prime?
False
Is 147567317029 a composite number?
True
Is 102359393639 a prime number?
False
Is 77360882 a composite number?
True
Is 9179528227 a prime number?
True
Is 73097317 prime?
True
Is 10202166523 prime?
False
Is 29563209815 prime?
False
Is 3795911885 a prime number?
False
Is 32321834177 a composite number?
False
Is 888854663 prime?
False
Is 11774280685 composite?
True
Is 820826081 a prime number?
False
Is 908377889 composite?
False
Is 2248141039 prime?
True
Is 21730335962 prime?
False
Is 38224244017 a prime number?
True
Is 328595119 a prime number?
False
Is 985326989 composite?
True
Is 20000223602 a prime number?
False
Is 179164741 prime?
False
Is 30234889831 composite?
True
Is 74502189231 a prime number?
False
Is 3736340099 a prime number?
False
Is 212846161 composite?
True
Is 25117115917 a prime number?
True
Is 2179606127 composite?
False
Is 505618391 a prime number?
True
Is 2327670179 prime?
True
Is 1050684763 a prime number?
True
Is 4466278653 composite?
True
Is 8141610571 composite?
False
Is 109725258421 prime?
True
Is 32508558143 prime?
True
Is 3151103311 prime?
True
Is 1812495929 composite?
False
Is 173708717906 a composite number?
True
Is 12421228973 composite?
True
Is 4907504447 prime?
False
Is 29066466719 composite?
False
Is 324192053 a prime number?
True
Is 177986747 composite?
False
Is 41770478689 prime?
False
Is 84281564603 prime?
False
Is 115194672589 a composite number?
False
Is 4595735449 composite?
False
Is 1617983647 prime?
False
Is 143220964099 a prime number?
True
Is 49911391 a composite number?
True
Is 3746395069 a composite number?
False
Is 99759771421 a prime number?
True
Is 1535174117 prime?
True
Is 273573317 composite?
False
Is 544480273 prime?
True
Is 63209431787 a prime number?
True
Is 24238891903 a composite number?
True
Is 582170261 composite?
True
Is 101808457 prime?
False
Is 4